re the prime factors of 152682?
2, 3, 25447
List the prime factors of 4352676.
2, 3, 362723
What are the prime factors of 4821983?
211, 22853
List the prime factors of 242064.
2, 3, 41
What are the prime factors of 6656383?
67, 99349
List the prime factors of 1013814.
2, 3, 151, 373
What are the prime factors of 5516087?
59, 93493
What are the prime factors of 443397?
3, 147799
List the prime factors of 391732.
2, 11, 29, 307
List the prime factors of 254027.
254027
What are the prime factors of 165342?
2, 3, 17, 1621
List the prime factors of 26631661.
7, 1787, 2129
List the prime factors of 7414827.
3, 7, 50441
List the prime factors of 182593.
182593
List the prime factors of 402288.
2, 3, 17, 29
What are the prime factors of 52471?
137, 383
List the prime factors of 18169876.
2, 59, 76991
What are the prime factors of 148668?
2, 3, 13, 953
List the prime factors of 3999.
3, 31, 43
List the prime factors of 6520297.
7, 223, 4177
List the prime factors of 114190.
2, 5, 19, 601
What are the prime factors of 240381?
3, 29, 307
What are the prime factors of 1134447?
3, 378149
List the prime factors of 1934800.
2, 5, 7, 691
List the prime factors of 2536235.
5, 13, 39019
List the prime factors of 1467140.
2, 5, 109, 673
What are the prime factors of 1088446?
2, 544223
What are the prime factors of 2420252?
2, 643, 941
List the prime factors of 2258640.
2, 3, 5, 3137
List the prime factors of 1577721.
3, 41, 101, 127
List the prime factors of 3707056.
2, 41, 5651
List the prime factors of 175617.
3, 13, 19, 79
What are the prime factors of 309243?
3, 11, 9371
What are the prime factors of 6357328?
2, 251, 1583
List the prime factors of 302026.
2, 151013
What are the prime factors of 23914401?
3, 7, 162683
What are the prime factors of 154161?
3, 7, 2447
What are the prime factors of 21178011?
3, 1873, 3769
What are the prime factors of 5289820?
2, 5, 41, 6451
What are the prime factors of 406180?
2, 5, 23, 883
What are the prime factors of 2426413?
11, 1823
List the prime factors of 243566.
2, 193, 631
What are the prime factors of 2908952?
2, 363619
List the prime factors of 48431.
19, 2549
List the prime factors of 1687580.
2, 5, 19, 4441
List the prime factors of 557153.
557153
List the prime factors of 1156804.
2, 11, 61, 431
What are the prime factors of 18535444?
2, 41, 113021
What are the prime factors of 4236611?
37, 67, 1709
What are the prime factors of 1569599?
1569599
What are the prime factors of 875616?
2, 3, 7, 1303
What are the prime factors of 119908?
2, 31, 967
List the prime factors of 262120.
2, 5, 6553
List the prime factors of 151031.
19, 7949
What are the prime factors of 71126?
2, 11, 53, 61
List the prime factors of 290609.
11, 29, 911
What are the prime factors of 60097?
19, 3163
List the prime factors of 284021.
47, 6043
What are the prime factors of 658516?
2, 193, 853
What are the prime factors of 20932?
2, 5233
What are the prime factors of 8697985?
5, 83, 20959
What are the prime factors of 117912?
2, 3, 17
What are the prime factors of 248689?
7, 35527
List the prime factors of 1219286.
2, 79, 7717
What are the prime factors of 278139?
3, 23, 29, 139
List the prime factors of 28966.
2, 7, 2069
What are the prime factors of 217179?
3, 59, 409
List the prime factors of 24744388.
2, 283, 21859
What are the prime factors of 26296504?
2, 13, 29, 8719
What are the prime factors of 13719250?
2, 5, 54877
What are the prime factors of 38907?
3, 11, 131
List the prime factors of 11915164.
2, 17, 137, 1279
List the prime factors of 656150.
2, 5, 11, 1193
What are the prime factors of 8391?
3, 2797
List the prime factors of 443784.
2, 3, 11, 41
List the prime factors of 328333.
328333
What are the prime factors of 522179?
7, 74597
What are the prime factors of 880452?
2, 3, 37, 661
What are the prime factors of 2451765?
3, 5, 79, 2069
List the prime factors of 1028438.
2, 514219
List the prime factors of 3613402.
2, 13, 138977
List the prime factors of 684214.
2, 342107
What are the prime factors of 217245?
3, 5, 7, 2069
What are the prime factors of 1383165?
3, 5, 7, 4391
List the prime factors of 1467126.
2, 3, 101, 269
What are the prime factors of 298559?
298559
List the prime factors of 12209544.
2, 3, 67, 2531
What are the prime factors of 360170?
2, 5, 36017
What are the prime factors of 48533?
48533
List the prime factors of 938635.
5, 347, 541
List the prime factors of 4578840.
2, 3, 5, 7, 23, 79
What are the prime factors of 200905?
5, 23, 1747
What are the prime factors of 928312?
2, 7, 11, 137
What are the prime factors of 436567?
461, 947
What are the prime factors of 16061711?
16061711
List the prime factors of 106960.
2, 5, 7, 191
List the prime factors of 1000580.
2, 5, 7, 1021
What are the prime factors of 1395303?
3, 7, 13, 19, 269
List the prime factors of 164311.
7, 23473
List the prime factors of 531225.
3, 5, 787
List the prime factors of 13985399.
13985399
What are the prime factors of 3995407?
13, 307339
List the prime factors of 1143731.
29, 39439
What are the prime factors of 109752?
2, 3, 17, 269
What are the prime factors of 9918158?
2, 4959079
What are the prime factors of 12765363?
3, 13, 327317
List the prime factors of 222762.
2, 3, 137, 271
What are the prime factors of 756430?
2, 5, 67, 1129
What are the prime factors of 534383?
29, 18427
List the prime factors of 4877134.
2, 2438567
List the prime factors of 4650550.
2, 5, 281, 331
What are the prime factors of 16348570?
2, 5, 7, 233551
What are the prime factors of 1831958?
2, 103, 8893
List the prime factors of 118470.
2, 3, 5, 11, 359
List the prime factors of 36673348.
2, 47, 195071
What are the prime factors of 206125?
5, 17, 97
What are the prime factors of 514600?
2, 5, 31, 83
List the prime factors of 12830889.
3, 4276963
What are the prime factors of 467845?
5, 7, 13367
What are the prime factors of 189978?
2, 3, 31663
List the prime factors of 1487718.
2, 3, 82651
What are the prime factors of 4404478?
2, 13, 83, 157
List the prime factors of 288184.
2, 13, 17, 163
What are the prime factors of 254887?
254887
What are the prime factors of 1739619?
3, 7, 53, 521
What are the prime factors of 14353668?
2, 3, 7, 79, 103
List the prime factors of 518826.
2, 3, 7, 11, 1123
What are the prime factors of 1120420?
2, 5, 7, 53, 151
List the prime factors of 7422869.
29, 255961
List the prime factors of 18697549.
13, 367, 3919
List the prime factors of 229758.
2, 3, 149, 257
What are the prime factors of 254203?
233, 1091
What are the prime factors of 1128770?
2, 5, 112877
What are the prime factors of 484878?
2, 3, 211, 383
List the prime factors of 19563462.
2, 3, 1086859
List the prime factors of 10206020.
2, 5, 11, 23, 2017
What are the prime factors of 2634078?
2, 3, 443, 991
List the prime factors of 71020.
2, 5, 53, 67
List the prime factors of 3307055.
5, 23, 149, 193
What are the prime factors of 503220?
2, 3, 5, 8387
What are the prime factors of 9449939?
9449939
What are the prime factors of 568571?
31, 18341
What are the prime factors of 695386?
2, 271, 1283
List the prime factors of 481148.
2, 37, 3251
List the prime factors of 5473422.
2, 3, 17, 31, 577
What are the prime factors of 2592998?
2, 1296499
List the prime factors of 38679.
3, 12893
What are the prime factors of 6043341?
3, 907, 2221
What are the prime factors of 384298?
2, 192149
List the prime factors of 293219.
29, 10111
List the prime factors of 9414918.
2, 3, 19, 27529
What are the prime factors of 1697283?
3, 7, 29, 929
What are the prime factors of 1415834?
2, 7, 23, 4397
What are the prime factors of 555860?
2, 5, 27793
List the prime factors of 1750594.
2, 875297
What are the prime factors of 185095?
5, 37019
List the prime factors of 504700.
2, 5, 7, 103
List the prime factors of 186064.
2, 29, 401
List the prime factors of 20707686.
2, 3, 353, 3259
List the prime factors of 5608791.
3, 43, 4831
List the prime factors of 215048.
2, 26881
List the prime factors of 257779.
37, 6967
What are the prime factors of 153802?
2, 11, 6991
What are the prime factors of 248485?
5, 49697
What are the prime factors of 3666264?
2, 3, 7, 139, 157
What are the prime factors of 265171?
283, 937
What are the prime factors of 4293128?
2, 7, 31, 2473
What are the prime fact